{"version":"1.0","provider_name":"Stiftung Haydn","provider_url":"https:\/\/www.haydn.it\/de","author_name":"Stage Communication","author_url":"https:\/\/www.haydn.it\/de\/author\/haydn_admn_409","title":"Musik und Kunst als Ausdruck politischen Aktivismus | Stiftung Haydn","type":"rich","width":600,"height":338,"html":"<blockquote class=\"wp-embedded-content\" data-secret=\"Qo4x10UHRZ\"><a href=\"https:\/\/www.haydn.it\/de\/blog\/musik-und-kunst-als-ausdruck-politischen-aktivismus\">Musik und Kunst als Ausdruck politischen Aktivismus<\/a><\/blockquote><iframe sandbox=\"allow-scripts\" security=\"restricted\" src=\"https:\/\/www.haydn.it\/de\/blog\/musik-und-kunst-als-ausdruck-politischen-aktivismus\/embed#?secret=Qo4x10UHRZ\" width=\"600\" height=\"338\" title=\"&#8222;Musik und Kunst als Ausdruck politischen Aktivismus&#8220; &#8212; Stiftung Haydn\" data-secret=\"Qo4x10UHRZ\" frameborder=\"0\" marginwidth=\"0\" marginheight=\"0\" scrolling=\"no\" class=\"wp-embedded-content\"><\/iframe><script type=\"text\/javascript\">\n\/* <![CDATA[ *\/\n\/*! This file is auto-generated *\/\n!function(d,l){\"use strict\";l.querySelector&&d.addEventListener&&\"undefined\"!=typeof URL&&(d.wp=d.wp||{},d.wp.receiveEmbedMessage||(d.wp.receiveEmbedMessage=function(e){var t=e.data;if((t||t.secret||t.message||t.value)&&!\/[^a-zA-Z0-9]\/.test(t.secret)){for(var s,r,n,a=l.querySelectorAll('iframe[data-secret=\"'+t.secret+'\"]'),o=l.querySelectorAll('blockquote[data-secret=\"'+t.secret+'\"]'),c=new RegExp(\"^https?:$\",\"i\"),i=0;i<o.length;i++)o[i].style.display=\"none\";for(i=0;i<a.length;i++)s=a[i],e.source===s.contentWindow&&(s.removeAttribute(\"style\"),\"height\"===t.message?(1e3<(r=parseInt(t.value,10))?r=1e3:~~r<200&&(r=200),s.height=r):\"link\"===t.message&&(r=new URL(s.getAttribute(\"src\")),n=new URL(t.value),c.test(n.protocol))&&n.host===r.host&&l.activeElement===s&&(d.top.location.href=t.value))}},d.addEventListener(\"message\",d.wp.receiveEmbedMessage,!1),l.addEventListener(\"DOMContentLoaded\",function(){for(var e,t,s=l.querySelectorAll(\"iframe.wp-embedded-content\"),r=0;r<s.length;r++)(t=(e=s[r]).getAttribute(\"data-secret\"))||(t=Math.random().toString(36).substring(2,12),e.src+=\"#?secret=\"+t,e.setAttribute(\"data-secret\",t)),e.contentWindow.postMessage({message:\"ready\",secret:t},\"*\")},!1)))}(window,document);\n\/* ]]> *\/\n<\/script>\n","thumbnail_url":"https:\/\/www.haydn.it\/wp-content\/uploads\/2022\/02\/Contest-1200.jpg","thumbnail_width":1200,"thumbnail_height":1200,"description":"Musik kann die Welt nicht ver\u00e4ndern, doch sie kann sie mit Sicherheit zu einem besseren Ort machen. Diesen Leitsatz haben auch wir uns im Vorfeld der Auff\u00fchrung von Nicola Sanis Oper \u201eFalcone. Il tempo sospeso del volo\u201c, die am 12. und 13. M\u00e4rz in Trient \u00fcber die B\u00fchne gehen wird, zum Vorbild genommen. Ein Kreativwettbewerb [&hellip;]"}

Musik kann die Welt nicht verändern, doch sie kann sie mit Sicherheit zu einem besseren Ort machen. Diesen Leitsatz haben auch wir uns im Vorfeld der Aufführung von Nicola Sanis Oper „Falcone. Il tempo sospeso del volo“, die am 12. und 13. März in Trient über die Bühne gehen wird, zum Vorbild genommen. Ein Kreativwettbewerb [&hellip;]
