{"version":"1.0","provider_name":"Stiftung Haydn","provider_url":"https:\/\/www.haydn.it\/de","author_name":"Stage Communication","author_url":"https:\/\/www.haydn.it\/de\/author\/haydn_admn_409","title":"Musiktheater als Spiegel der Geschichte | Stiftung Haydn","type":"rich","width":600,"height":338,"html":"<blockquote class=\"wp-embedded-content\" data-secret=\"JT19vfakIv\"><a href=\"https:\/\/www.haydn.it\/de\/blog\/musiktheater-als-spiegel-der-geschichte\">Musiktheater als Spiegel der Geschichte<\/a><\/blockquote><iframe sandbox=\"allow-scripts\" security=\"restricted\" src=\"https:\/\/www.haydn.it\/de\/blog\/musiktheater-als-spiegel-der-geschichte\/embed#?secret=JT19vfakIv\" width=\"600\" height=\"338\" title=\"&#8222;Musiktheater als Spiegel der Geschichte&#8220; &#8212; Stiftung Haydn\" data-secret=\"JT19vfakIv\" frameborder=\"0\" marginwidth=\"0\" marginheight=\"0\" scrolling=\"no\" class=\"wp-embedded-content\"><\/iframe><script type=\"text\/javascript\">\n\/* <![CDATA[ *\/\n\/*! This file is auto-generated *\/\n!function(d,l){\"use strict\";l.querySelector&&d.addEventListener&&\"undefined\"!=typeof URL&&(d.wp=d.wp||{},d.wp.receiveEmbedMessage||(d.wp.receiveEmbedMessage=function(e){var t=e.data;if((t||t.secret||t.message||t.value)&&!\/[^a-zA-Z0-9]\/.test(t.secret)){for(var s,r,n,a=l.querySelectorAll('iframe[data-secret=\"'+t.secret+'\"]'),o=l.querySelectorAll('blockquote[data-secret=\"'+t.secret+'\"]'),c=new RegExp(\"^https?:$\",\"i\"),i=0;i<o.length;i++)o[i].style.display=\"none\";for(i=0;i<a.length;i++)s=a[i],e.source===s.contentWindow&&(s.removeAttribute(\"style\"),\"height\"===t.message?(1e3<(r=parseInt(t.value,10))?r=1e3:~~r<200&&(r=200),s.height=r):\"link\"===t.message&&(r=new URL(s.getAttribute(\"src\")),n=new URL(t.value),c.test(n.protocol))&&n.host===r.host&&l.activeElement===s&&(d.top.location.href=t.value))}},d.addEventListener(\"message\",d.wp.receiveEmbedMessage,!1),l.addEventListener(\"DOMContentLoaded\",function(){for(var e,t,s=l.querySelectorAll(\"iframe.wp-embedded-content\"),r=0;r<s.length;r++)(t=(e=s[r]).getAttribute(\"data-secret\"))||(t=Math.random().toString(36).substring(2,12),e.src+=\"#?secret=\"+t,e.setAttribute(\"data-secret\",t)),e.contentWindow.postMessage({message:\"ready\",secret:t},\"*\")},!1)))}(window,document);\n\/* ]]> *\/\n<\/script>\n","thumbnail_url":"https:\/\/www.haydn.it\/wp-content\/uploads\/2022\/03\/06-Scena-141.jpg","thumbnail_width":1200,"thumbnail_height":1200,"description":"Die Oper Drei\u00dfig Jahre nach dem Massaker von Capaci und f\u00fcnfzehn Jahre seit ihrer Urauff\u00fchrung am Teatro Cavallerizza di Reggio Emilia im Jahr 2007, wird die Oper Falcone, il tempo sospeso del volo mit Musik von Nicola Sani und Libretto von Franco Ripa di Meana, erneut aufgef\u00fchrt. Die Koproduktion der Stiftung Haydn und dem Teatro [&hellip;]"}

Die Oper Dreißig Jahre nach dem Massaker von Capaci und fünfzehn Jahre seit ihrer Uraufführung am Teatro Cavallerizza di Reggio Emilia im Jahr 2007, wird die Oper Falcone, il tempo sospeso del volo mit Musik von Nicola Sani und Libretto von Franco Ripa di Meana, erneut aufgeführt. Die Koproduktion der Stiftung Haydn und dem Teatro [&hellip;]
