{"version":"1.0","provider_name":"Stiftung Haydn","provider_url":"https:\/\/www.haydn.it\/de","author_name":"Stiftung Haydn","author_url":"https:\/\/www.haydn.it\/de","title":"Winterreise | Stiftung Haydn","type":"rich","width":600,"height":338,"html":"<blockquote class=\"wp-embedded-content\" data-secret=\"Az3gLNeCkE\"><a href=\"https:\/\/www.haydn.it\/de\/veranstaltungen\/die-winterreise\">Winterreise<\/a><\/blockquote><iframe sandbox=\"allow-scripts\" security=\"restricted\" src=\"https:\/\/www.haydn.it\/de\/veranstaltungen\/die-winterreise\/embed#?secret=Az3gLNeCkE\" width=\"600\" height=\"338\" title=\"&#8222;Winterreise&#8220; &#8212; Stiftung Haydn\" data-secret=\"Az3gLNeCkE\" frameborder=\"0\" marginwidth=\"0\" marginheight=\"0\" scrolling=\"no\" class=\"wp-embedded-content\"><\/iframe><script type=\"text\/javascript\">\n\/* <![CDATA[ *\/\n\/*! This file is auto-generated *\/\n!function(d,l){\"use strict\";l.querySelector&&d.addEventListener&&\"undefined\"!=typeof URL&&(d.wp=d.wp||{},d.wp.receiveEmbedMessage||(d.wp.receiveEmbedMessage=function(e){var t=e.data;if((t||t.secret||t.message||t.value)&&!\/[^a-zA-Z0-9]\/.test(t.secret)){for(var s,r,n,a=l.querySelectorAll('iframe[data-secret=\"'+t.secret+'\"]'),o=l.querySelectorAll('blockquote[data-secret=\"'+t.secret+'\"]'),c=new RegExp(\"^https?:$\",\"i\"),i=0;i<o.length;i++)o[i].style.display=\"none\";for(i=0;i<a.length;i++)s=a[i],e.source===s.contentWindow&&(s.removeAttribute(\"style\"),\"height\"===t.message?(1e3<(r=parseInt(t.value,10))?r=1e3:~~r<200&&(r=200),s.height=r):\"link\"===t.message&&(r=new URL(s.getAttribute(\"src\")),n=new URL(t.value),c.test(n.protocol))&&n.host===r.host&&l.activeElement===s&&(d.top.location.href=t.value))}},d.addEventListener(\"message\",d.wp.receiveEmbedMessage,!1),l.addEventListener(\"DOMContentLoaded\",function(){for(var e,t,s=l.querySelectorAll(\"iframe.wp-embedded-content\"),r=0;r<s.length;r++)(t=(e=s[r]).getAttribute(\"data-secret\"))||(t=Math.random().toString(36).substring(2,12),e.src+=\"#?secret=\"+t,e.setAttribute(\"data-secret\",t)),e.contentWindow.postMessage({message:\"ready\",secret:t},\"*\")},!1)))}(window,document);\n\/* ]]> *\/\n<\/script>\n","thumbnail_url":"https:\/\/www.haydn.it\/wp-content\/uploads\/2023\/01\/Haydn-2023-Opera-Banner-sito-winterreise-1200x1200-1.jpg","thumbnail_width":1200,"thumbnail_height":1200,"description":"Wieder einmal verl\u00e4sst der Wanderer die Stadt, um in die Ungewissheit der winterlichen Landschaft aufzubrechen. Mal m\u00e4\u00dfig, mal geschwind, f\u00fchrt ihn sein Weg durch W\u00e4lder und Fluren, an B\u00e4chen entlang. Er h\u00e4lt inne, rastet, blickt zur\u00fcck auf sein \u201efein Liebchen\u201c. Und f\u00fchlt sich vom Tode bedr\u00e4ngt. Wie eng das romantische Lied und der moderne Popsong [&hellip;]"}

Wieder einmal verlässt der Wanderer die Stadt, um in die Ungewissheit der winterlichen Landschaft aufzubrechen. Mal mäßig, mal geschwind, führt ihn sein Weg durch Wälder und Fluren, an Bächen entlang. Er hält inne, rastet, blickt zurück auf sein „fein Liebchen“. Und fühlt sich vom Tode bedrängt. Wie eng das romantische Lied und der moderne Popsong [&hellip;]
