{"version":"1.0","provider_name":"Stiftung Haydn","provider_url":"https:\/\/www.haydn.it\/de","author_name":"Stiftung Haydn","author_url":"https:\/\/www.haydn.it\/de","title":"Michele Mariotti | Stiftung Haydn","type":"rich","width":600,"height":338,"html":"<blockquote class=\"wp-embedded-content\" data-secret=\"0ZbeVwCJgC\"><a href=\"https:\/\/www.haydn.it\/de\/veranstaltungen\/michele-mariotti-16\">Michele Mariotti<\/a><\/blockquote><iframe sandbox=\"allow-scripts\" security=\"restricted\" src=\"https:\/\/www.haydn.it\/de\/veranstaltungen\/michele-mariotti-16\/embed#?secret=0ZbeVwCJgC\" width=\"600\" height=\"338\" title=\"&#8222;Michele Mariotti&#8220; &#8212; Stiftung Haydn\" data-secret=\"0ZbeVwCJgC\" frameborder=\"0\" marginwidth=\"0\" marginheight=\"0\" scrolling=\"no\" class=\"wp-embedded-content\"><\/iframe><script type=\"text\/javascript\">\n\/* <![CDATA[ *\/\n\/*! This file is auto-generated *\/\n!function(d,l){\"use strict\";l.querySelector&&d.addEventListener&&\"undefined\"!=typeof URL&&(d.wp=d.wp||{},d.wp.receiveEmbedMessage||(d.wp.receiveEmbedMessage=function(e){var t=e.data;if((t||t.secret||t.message||t.value)&&!\/[^a-zA-Z0-9]\/.test(t.secret)){for(var s,r,n,a=l.querySelectorAll('iframe[data-secret=\"'+t.secret+'\"]'),o=l.querySelectorAll('blockquote[data-secret=\"'+t.secret+'\"]'),c=new RegExp(\"^https?:$\",\"i\"),i=0;i<o.length;i++)o[i].style.display=\"none\";for(i=0;i<a.length;i++)s=a[i],e.source===s.contentWindow&&(s.removeAttribute(\"style\"),\"height\"===t.message?(1e3<(r=parseInt(t.value,10))?r=1e3:~~r<200&&(r=200),s.height=r):\"link\"===t.message&&(r=new URL(s.getAttribute(\"src\")),n=new URL(t.value),c.test(n.protocol))&&n.host===r.host&&l.activeElement===s&&(d.top.location.href=t.value))}},d.addEventListener(\"message\",d.wp.receiveEmbedMessage,!1),l.addEventListener(\"DOMContentLoaded\",function(){for(var e,t,s=l.querySelectorAll(\"iframe.wp-embedded-content\"),r=0;r<s.length;r++)(t=(e=s[r]).getAttribute(\"data-secret\"))||(t=Math.random().toString(36).substring(2,12),e.src+=\"#?secret=\"+t,e.setAttribute(\"data-secret\",t)),e.contentWindow.postMessage({message:\"ready\",secret:t},\"*\")},!1)))}(window,document);\n\/* ]]> *\/\n<\/script>\n","thumbnail_url":"https:\/\/www.haydn.it\/wp-content\/uploads\/2025\/05\/Haydn-2024-Stagione-24-25-Sito-Concerti-MARIOTTI-Debussy-Mozart-2250x1070-1-1.jpg","thumbnail_width":2250,"thumbnail_height":1070,"description":"Unterhaltungsmusik auf h\u00f6chstem Niveau: \u201eEin Affe im Brokatgewand h\u00fcpft vor ihr her, von Stolz erf\u00fcllt, tr\u00e4gt sie ein Spitzentuch, zerkn\u00fcllt in der behandschuhten feinen Hand\u201c \u2013 so beschreibt der franz\u00f6sische Dichter Paul Verlaine den \u201eAufzug\u201c einer wohlhabenden Dame in seinem 1869 ver\u00f6ffentlichten Gedicht \u201eCort\u00e8ge\u201c. Die malerische Lyrik aus der Sammlung \u201eF\u00eates Galantes\u201c, die mit ihren [&hellip;]"}

Unterhaltungsmusik auf höchstem Niveau: „Ein Affe im Brokatgewand hüpft vor ihr her, von Stolz erfüllt, trägt sie ein Spitzentuch, zerknüllt in der behandschuhten feinen Hand“ – so beschreibt der französische Dichter Paul Verlaine den „Aufzug“ einer wohlhabenden Dame in seinem 1869 veröffentlichten Gedicht „Cortège“. Die malerische Lyrik aus der Sammlung „Fêtes Galantes“, die mit ihren [&hellip;]
